o base 13.
-7b
Convert -10120 (base 3) to base 16.
-60
Convert -1010 (base 2) to base 9.
-11
What is 23 (base 4) in base 9?
12
-2 (base 14) to base 7
-2
Convert 16 (base 8) to base 13.
11
What is 6 (base 15) in base 16?
6
-1 (base 7) to base 5
-1
Convert -b (base 14) to base 2.
-1011
What is 30 (base 10) in base 6?
50
18 (base 16) to base 10
24
304 (base 8) to base 11
169
What is -89 (base 13) in base 5?
-423
Convert -3101 (base 4) to base 2.
-11010001
Convert -24 (base 5) to base 3.
-112
Convert -57 (base 10) to base 8.
-71
Convert 4 (base 10) to base 14.
4
Convert -1 (base 3) to base 16.
-1
-26 (base 16) to base 11
-35
Convert 2 (base 10) to base 2.
10
What is -25 (base 11) in base 10?
-27
What is 10 (base 4) in base 12?
4
What is -13 (base 9) in base 16?
-c
Convert -3 (base 5) to base 16.
-3
Convert e0 (base 16) to base 13.
143
What is -1000010 (base 2) in base 10?
-66
Convert 10 (base 2) to base 13.
2
Convert -1 (base 5) to base 14.
-1
What is -202 (base 4) in base 14?
-26
Convert be (base 16) to base 13.
118
2 (base 5) to base 13
2
Convert 0 (base 7) to base 5.
0
Convert -3 (base 9) to base 2.
-11
What is -21 (base 3) in base 7?
-10
Convert 14 (base 7) to base 16.
b
Convert -432 (base 5) to base 14.
-85
-2 (base 5) to base 4
-2
Convert -37 (base 11) to base 2.
-101000
What is -10000 (base 2) in base 12?
-14
214 (base 6) to base 13
64
35 (base 8) to base 10
29
-32 (base 15) to base 3
-1202
What is -315 (base 9) in base 13?
-16a
1 (base 11) to base 14
1
Convert 19 (base 14) to base 11.
21
-1 (base 7) to base 3
-1
Convert 13c (base 15) to base 8.
432
101110 (base 2) to base 8
56
What is 7 (base 15) in base 16?
7
What is -8a (base 16) in base 14?
-9c
Convert -2 (base 9) to base 12.
-2
What is 20 (base 3) in base 9?
6
-2 (base 6) to base 14
-2
Convert 42 (base 9) to base 13.
2c
-5 (base 12) to base 3
-12
Convert 77 (base 8) to base 2.
111111
Convert -1 (base 9) to base 15.
-1
-68 (base 9) to base 14
-46
Convert -3 (base 8) to base 4.
-3
What is 2 (base 3) in base 4?
2
Convert -2 (base 14) to base 10.
-2
What is 77 (base 9) in base 11?
64
132 (base 6) to base 11
51
What is 31 (base 4) in base 13?
10
1 (base 11) to base 3
1
-14 (base 10) to base 9
-15
Convert -11 (base 8) to base 12.
-9
-16 (base 7) to base 6
-21
-5 (base 7) to base 5
-10
What is -110 (base 10) in base 12?
-92
-14 (base 16) to base 13
-17
2 (base 10) to base 13
2
3 (base 7) to base 4
3
Convert -2 (base 5) to base 4.
-2
What is 343 (base 8) in base 13?
146
What is -21 (base 9) in base 3?
-201
-201 (base 6) to base 8
-111
What is 1 (base 8) in base 10?
1
Convert 57 (base 8) to base 13.
38
Convert 12 (base 9) to base 11.
10
100200 (base 3) to base 16
105
What is -3 (base 16) in base 11?
-3
What is 22 (base 12) in base 6?
42
Convert 66 (base 9) to base 12.
50
Convert 100111 (base 2) to base 6.
103
What is 3 (base 5) in base 7?
3
-5 (base 14) to base 9
-5
-3 (base 12) to base 13
-3
Convert 10 (base 9) to base 12.
9
13 (base 11) to base 10
14
17 (base 16) to base 7
32
What is 141 (base 5) in base 6?
114
Convert 16 (base 16) to base 11.
20
Convert 22 (base 4) to base 10.
10
What is 3 (base 15) in base 11?
3
Convert -20201 (base 3) to base 16.
-b5
Convert 5 (base 10) to base 12.
5
Convert -66 (base 15) to base 9.
-116
What is 1 (base 5) in base 4?
1
3 (base 11) to base 12
3
Convert 26 (base 15) to base 16.
24
Convert -60 (base 7) to base 11.
-39
-3a (base 12) to base 7
-64
Convert 54 (base 10) to base 16.
36
What is 1 (base 15) in base 16?
1
30 (base 7) to base 15
16
2 (base 7) to base 2
10
102022 (base 3) to base 7
614
What is -51 (base 11) in base 12?
-48
64 (base 13) to base 11
75
Convert -201 (base 7) to base 4.
-1203
-1023 (base 4) to base 7
-135
Convert 1002 (base 4) to base 15.
46
Convert 2 (base 13) to base 9.
2
What is -c3 (base 15) in base 8?
-267
443 (base 7) to base 6
1015
What is -165 (base 8) in base 2?
-1110101
12 (base 4) to base 5
11
What is 4 (base 12) in base 4?
10
-5 (base 12) to base 16
-5
What is 2 (base 6) in base 15?
2
0 (base 16) to base 13
0
11 (base 6) to base 14
7
-2a (base 15) to base 6
-104
-3 (base 7) to base 10
-3
-a (base 15) to base 12
-a
Convert -3 (base 10) to base 12.
-3
Convert -3 (base 15) to base 11.
-3
What is 1 (base 9) in base 5?
1
Convert 6b (base 13) to base 4.
1121
-23 (base 5) to base 16
-d
What is -3 (base 10) in base 4?
-3
Convert -2 (base 5) to base 3.
-2
Convert -1 (base 8) to base 4.
-1
1 (base 9) to base 8
1
3 (base 10) to base 16
3
Convert 1331 (base 4) to base 8.
175
Convert 10100010 (base 2) to base 5.
1122
Convert 3 (base 16) to base 5.
3
1 (base 15) to base 16
1
What is 51 (base 7) in base 9?
40
-2102 (base 4) to base 3
-12102
Convert 117 (base 9) to base 15.
67
-30 (base 4) to base 16
-c
Convert 1 (base 2) to base 4.
1
Convert -9 (base 16) to base 4.
-21
1 (base 16) to base 7
1
107 (base 9) to base 3
10021
7 (base 8) to base 4
13
Convert -2b (base 16) to base 11.
-3a
1000 (base 3) to base 16
1b
Convert -22010 (base 3) to base 6.
-1003
What is b (base 14) in base 10?
11
What is -532 (base 8) in base 3?
-110211
Convert -111 (base 2) to base 14.
-7
-130 (base 8) to base 13
-6a
What is 29 (base 11) in base 5?
111
Convert -1 (base 2) to base 16.
-1
What is 16 (base 12) in base 3?
200
Convert -244 (base 5) to base 9.
-82
Convert -4 (base 15) to base 3.
-11
Convert 49 (base 14) to base 15.
45
Convert 0 (base 5) to base 2.
0
What is 3 (base 9) in base 4?
3
36 (base 12) to base 10
42
Convert 1 (base 3) to base 16.
1
What is -1 (base 5) in base 13?
-1
Convert -6 (base 15) to base 14.
-6
-15e (base 16) to base 9
-428
What is 8c (base 14) in base 10?
124
1 (base 4) to base 14
1
Convert -10110 (base 2) to base 9.
-24
What is -6b (base 16) in base 13?
-83
Convert 3 (base 13) to base 6.
3
Convert 3 (base 12) to base 5.
3
-7 (base 11) to base 9
-7
What is -10100110 (base 2) in base 8?
-246
6 (base 14) to base 2
110
What is 164 (base 10) in base 14?
ba
0 (base 16) to base 10
0
What is 13 (base 7) in base 3?
101
Convert -547 (base 8) to base 5.
-2414
What is -3 (base 16) in base 13?
-3
Convert -4a (base 14) to base 13.
-51
Convert 227 (base 8) to base 5.
1101
-23 (base 10) to base 13
-1a
What is e (base 16) in base 6?
22
131 (base 8) to base 4
1121
Convert 2 (base 3) to base 8.
2
What is -40 (base 11) in base 13?
-35
What is 4 (base 5) in base 14?
4
-70 (base 12) to base 5
-314
Convert -2 (base 5) to base 2.
-10
Convert -5f (base 16) to base 5.
-340
0 (base 7) to base 5
0
Convert 5 (base 11) to base 3.
12
12 (base 6) to base 12
8
What is 0 (base 6) in base 16?
0
Convert 3 (base 8) to base 5.
3
Convert 1a3 (base 12) to base 16.
10b
Convert -70 (base 11) to base 2.
-1001101
What is 331 (base 4) in base 13?
49
What is 3 (base 16) in base 12?
3
What is -4 (base 14) in base 4?
-10
Convert 11 (base 4) to base 16.
5
-3 (base 7) to base 13
-3
What is -4 (base 11) in base 4?
-10
5 (base 10) to base 9
5
212 (base 13) to base 11
2a1
1 (base 14) to base 13
1
6 (base 12) to base 14
6
2 (base 5) to base 16
2
Convert -1 (base 15) to base 11.
-1
-a (base 11) to base 10
-10
4 (base 6) to base 9
4
What is 2 (base 8) in base 10?
2
What is 4 (base 11) in base 4?
10
What is 105 (base 8) in base 4?
1011
What is -1 (base 4) in base 11?
-1
Convert 61 (base 14) to base 4.
1111
Convert 14 (base 15) to base 7.
25
Convert -1 (base 14) to base 7.
-1
What is 98 (base 16) in base 8?
230
Convert -4 (base 7) to base 9.
-4
What is -364 (base 8) in base 12?
-184
What is -1 (base 13) in base 5?
-1
What is -51 (base 16) in base 8?
-121
Convert -10 (base 10) to base 2.
-1010
3 (base 12) to base 4
3
Convert 14 (base 7) to base 8.
13
-a5 (base 12) to base 11
-104
-3 (base 16) to base 11
-3
-32 (base 10) to base 4
-200
What is 203 (base 12) in base 15?
146
Convert -3b (base 16) to base 6.
-135
2 (base 10) to base 6
2
b (base 12) to base 11
10
What is -1 (base 12) in base 5?
-1
-3 (base 14) to base 6
-3
What is 2 (base 5) in base 9?
2
Convert 23 (base 5) to base 2.
1101
Convert 5 (base 10) to base 5.
10
Convert -5 (base 7) to base 14.
-5
b3 (base 13) to base 16
92
12 (base 10) to base 3
110
-13 (base 9) to base 13
-c
What is 18 (base 10) in base 12?
16
What is 39 (base 15) in base 10?
54
What is -119 (base 10) in base 13?
-92
What is 11b (base 16) in base 8?
433
Convert 33 (base 7) 